actors of b?
3, 5
Let y = -19 - -25. Suppose 10*z = y*z + 24. List the prime factors of z.
2, 3
Let w(k) = -2*k - 8. Let m(n) = n**2 - 6*n + 6. Let p be m(4). Let a be p/(-7) + 44/(-7). What are the prime factors of w(a)?
2
Let k be -1*(-10)/(0 - 1). Let a(w) = -w**2 + 2*w**2 + 13 + 8*w + 0*w**2 + w. List the prime factors of a(k).
23
Let k(m) = -m**2 + 10*m - 12. Let u be k(9). Let n(q) = -14*q. What are the prime factors of n(u)?
2, 3, 7
Let z(r) = r**3 + 13*r**2 + 3*r + 16. What are the prime factors of z(-8)?
2, 3, 13
Suppose -3*c - 288 = -7*c. Let v = c - -8. What are the prime factors of v?
2, 5
Suppose -2*l + c = -21, -l + 4*c + 15 = 1. Let n be l/3 - (-1)/(-3). Suppose 3*z - 5*g = 66 + 18, 0 = n*z + g - 102. What are the prime factors of z?
3, 11
Suppose -21*w + 17*w = -7980. What are the prime factors of w?
3, 5, 7, 19
Suppose 6*a = -25 + 1. Let g(d) = -48*d - 20. List the prime factors of g(a).
2, 43
Let f = 5 - 8. Let i(g) be the first derivative of g**3/3 - 3*g**2/2 - 6*g + 26. List the prime factors of i(f).
2, 3
Suppose 2*i + 72 = -i. Let g = -53 + 39. Let c = g - i. What are the prime factors of c?
2, 5
Suppose -3*r + m - 6*m = -4748, r + 4*m - 1585 = 0. List the prime factors of r.
3, 17, 31
Let u(i) = 44*i**2 + 16*i + 12. List the prime factors of u(-5).
2, 3, 43
Suppose 5*a - f = 28, -2*a + 0*a + 7 = f. Let s = 17 + a. List the prime factors of s.
2, 11
Let h be (-59 - -57)/(1 - (-29)/(-27)). What are the prime factors of 452*((h/6)/(-3) + 2)?
2, 113
Let s be (-3)/6*(-2 + -20). Suppose 0 = -2*c + s - 5. Suppose -6*f + 33 = -c*f. List the prime factors of f.
11
Suppose i - 1605 = j, -211*i = -214*i + 4*j + 4815. What are the prime factors of i?
3, 5, 107
Suppose 2*c - 2*l = 960, 2*c - c - 2*l - 483 = 0. List the prime factors of c.
3, 53
What are the prime factors of ((-1368)/15)/(4/(-80))?
2, 3, 19
Suppose 6*l - 292 = 5*l + 4*v, -5*l + 3*v + 1528 = 0. List the prime factors of l.
2, 7, 11
Suppose -35 = -2*j + 3*m, 15*j = 10*j - m + 130. List the prime factors of j.
5
Let p(x) = 5*x**3 - 6*x**2 + 5*x - 10. Let l be p(4). Suppose -h - 5*s + 189 = 0, -h + l = -s - 3*s. List the prime factors of h.
2, 107
Let d(i) be the second derivative of -i**3/6 + 7*i. Let b be d(-2). Let k = 25 - b. What are the prime factors of k?
23
Let x(k) = -k**3 - 8*k**2 + 3. Let b be x(-8). Suppose 3*q - 18 + b = 0. Suppose q*l - 28 = 27. List the prime factors of l.
11
Suppose 7*z = 4*z + 288. What are the prime factors of z?
2, 3
Let z = 72 + -28. Suppose -4*j - f + 231 + z = 0, -j - f = -68. List the prime factors of j.
3, 23
Suppose 29*a = 31*a - 2674. List the prime factors of a.
7, 191
Suppose -4*m = 5*n - m - 239, -6 = 3*m. Suppose 0 = 4*y - 921 + n. List the prime factors of y.
2, 109
Let a(j) = j**3 + 14*j**2 + 25. Let k be (-6 - -7)/(2/(-26)). List the prime factors of a(k).
2, 97
Suppose -5*g - 361 = 3*t, 2*t = -5 + 1. Let h = g + 116. List the prime factors of h.
3, 5
Let v be (-8 - -6)*2/(-1) + 1. Let m be (-30)/(2/(-6)*2). Suppose -b + 18 = 2*q - v*q, -m = -2*b + 3*q. What are the prime factors of b?
3
What are the prime factors of (195/6)/(1/(-700)*-7)?
2, 5, 13
Let x(r) = -9*r**2 + 8*r + 9. Let w(o) = o**2 - 2*o - 2. Let n(y) = -6*w(y) - x(y). Let g be (-6)/(-4)*12/(-9). List the prime factors of n(g).
7
Let y be ((-4)/8)/((-3)/318). Let i = 120 - y. List the prime factors of i.
67
Suppose -3655 - 8081 = -8*j. List the prime factors of j.
3, 163
Suppose t = -4*t + 5*r - 20, r = 4*t + 19. Let v be (-645)/(-20) - t/(-4). Let n = v + 26. What are the prime factors of n?
3, 19
Suppose -16*v = -14*v. Suppose 4*d + 35 - 227 = v. Suppose 160 = 3*n - p, 4*p + p - d = -n. What are the prime factors of n?
53
Suppose 4*h - 5373 = -23*h. List the prime factors of h.
199
Let r(n) = -n**2 + 5*n - 2. Let x be r(3). Suppose -11 = m + x*g - 89, 156 = 2*m - g. What are the prime factors of m?
2, 3, 13
Let i(q) = -q**2 - 8*q - 7. Let m be i(-7). Suppose 0*j + 3*j - 11 = -2*w, m = w - j + 2. List the prime factors of (16 - -5) + w + 0.
2, 11
Suppose -u + 19 = 5*b + 4, -4*b = 3*u - 23. Suppose 0 = -0*s + u*s - 2*x - 1518, 2*x + 8 = 0. What are the prime factors of s?
2, 151
Let a = 274 - 173. List the prime factors of a.
101
Let l be 15 - (1 + -1 + 0). Let q = -11 + l. Let p(b) = b**3 - 2*b**2 - 5*b - 3. What are the prime factors of p(q)?
3
Let c(r) = 30*r**3 - 7*r**2 + 4*r + 10. What are the prime factors of c(4)?
2, 7, 131
Let l(g) = 3*g**2 - 3*g + 1. Suppose 5 = i + 3. Let a be l(i). Suppose 0 = -a*y + 2*y + 75. What are the prime factors of y?
3, 5
Let s be (2/2)/((-2)/2). Let z(h) = -22*h + 0 - 2 - 31*h. What are the prime factors of z(s)?
3, 17
Let s(c) = 11*c + 3. Let m be 0 - (-1)/(4/16). Let x(g) = -6*g - 1. Let v(a) = m*s(a) + 7*x(a). What are the prime factors of v(4)?
13
Suppose -3*o = -12 + 198. Let v = 114 + o. List the prime factors of v.
2, 13
Let i(o) = 267*o**3 + 5*o**2 - 5*o. What are the prime factors of i(1)?
3, 89
Let y(g) = 272*g**2 - 7*g + 4. List the prime factors of y(2).
2, 7, 11
Let i = -1450 - -2090. What are the prime factors of i?
2, 5
Suppose 2*v - 1611 = -571. List the prime factors of v.
2, 5, 13
Let w be (12/(-2))/(3/(-2)). Suppose -5*v + 3 = -w*v. List the prime factors of v.
3
Let l be 2*(11/2 - 4). Suppose h - 35 = -4*z, -l*z + 18 = -h - h. List the prime factors of z.
2
What are the prime factors of (-135)/225*(-5292 - -2)?
2, 3, 23
Suppose 6307 = 5*t + 6*l - 10*l, -t - 3*l = -1250. What are the prime factors of t?
1259
Let s(v) = -242*v**3 - 5*v**2 + 8*v + 16. What are the prime factors of s(-2)?
2, 479
Suppose 3*y = -6 + 39. Suppose -25 = 3*j + y. What are the prime factors of 4/7*(-546)/j?
2, 13
Let j be ((-45)/6)/(-3) + 6/12. Let c = j - -5. What are the prime factors of c?
2
Let n(u) = 892*u + 62. List the prime factors of n(4).
2, 3, 5, 11
List the prime factors of 1524/10*(-9 - -14).
2, 3, 127
Suppose 940 = 3*i - y, -5*i - 705 = 2*y - 2279. List the prime factors of i.
2, 157
Let g(a) be the third derivative of -a**4/24 - a**3/2 - 8*a**2. Let c be g(-6). Suppose 0*r - 129 = -c*r + 4*u, 2*u = -6. What are the prime factors of r?
3, 13
Let q(n) = 35*n**2 - 1. Let i(s) = -s**3 - 14*s**2 - s - 8. Let z be i(-14). Suppose b = -7 + z. List the prime factors of q(b).
2, 17
Let m be (-13)/26*(1 + -1). Let f = 3 - m. Suppose a = -2*g - 0*a + 32, -a = f*g - 49. List the prime factors of g.
17
Suppose -8 - 42 = -5*v. What are the prime factors of 1/5 + 178/v?
2, 3
Suppose 0 = -5*p + 17 - 2. Suppose 0 = 5*z - 2*d + d - 211, -3*d - 129 = -p*z. What are the prime factors of z?
2, 3, 7
Let i(h) = 5*h**2 - 101*h - 9. What are the prime factors of i(26)?
5, 149
Let v = 7 - 3. Suppose 0 = v*i + 68 - 688. What are the prime factors of i?
5, 31
Suppose 4*i + 561 + 483 = 0. Let n = -163 - i. Suppose 10 = -4*u + n. What are the prime factors of u?
2, 11
Let h(b) = b**3 + 7*b**2 + b + 8. List the prime factors of h(-6).
2, 19
Suppose 2*u + 15 = -9. Let q = 17 + u. Suppose -2*k - 113 = -q*w - k, -4*k + 10 = w. List the prime factors of w.
2, 11
Suppose 39 = 4*p - 3*b, -3*p + 14 + 19 = -b. Let o be 4/(-6)*p/(-4). What are the prime factors of (-44)/o*(-27)/18?
3, 11
Let v(d) = d**2 - d + 9. Let o be v(0). Let q be (-2012)/20 + o/15. List the prime factors of (-120)/q*60/2.
2, 3
Let v(a) = -a**2 - 7*a. Let d be v(6). Let y = d + 122. List the prime factors of y.
2, 11
Let b = -1326 + 1329. Let k = 166 + -35. Suppose -5*j - q + 226 = 0, -b*j + 4*q + k = -0*j. List the prime factors of j.
3, 5
Suppose -3*v + 4*o = 7*o - 4413, -7376 = -5*v + 2*o. What are the prime factors of v?
2, 11, 67
Let p = 1163 + -150. List the prime factors of p.
1013
Suppose 3*i - 2*r - 3*r = 32, -4*r = 2*i - 14. Suppose 12 + i = o + 5*j, -3*o - j = -133. What are the prime factors of o?
2, 23
Let b(d) = -d**2 + 2*d + 6. Suppose 0 = 4*c - 4*o - 40, c + c = 5*o + 35. Suppose -2*v = -0*v + z + 5, -v - c = z. List the prime factors of b(v).
2, 3
Suppose 0*q + 5*q + 2*v - 9 = 0, 0 = q + 5*v + 12. What are the prime factors of (144/(-10))/(q/(-15))?
2, 3
Let v(h) = 30*h + 10. Let j be v(6). Let f = j + -126. What are the prime factors of f?
2
Suppose -5*v + 1 = -2*u, -2 = -2*v - 0*v. Let t(a) = -a**3 - 8 + u*a**2 - 6*a + 2 + 6*a**2. List the prime factors of t(5)